598
Let u(k) = 3*k**3 - 61*k**2 - 30*k + 429. Calculate u(18).
-2379
Let u(y) = 16*y**2 + 113*y - 452. Give u(3).
31
Let u(z) = -210*z + 27299. Calculate u(130).
-1
Let m(d) = -1723*d - 82723. Determine m(-48).
-19
Let p(y) = 1533*y + 588506. What is p(-384)?
-166
Let f(p) = 2484*p + 69564. Determine f(-28).
12
Let x(o) = o**3 + 84*o**2 + 244*o - 16. Calculate x(-3).
-19
Let p(b) = -1111*b**2 + 1737*b - 1735. Calculate p(1).
-1109
Let o(x) = -40*x**2 + 317*x - 174. Give o(7).
85
Let b(y) = 192*y**2 - 41851*y - 1149. Calculate b(218).
-59
Let n(q) = 402*q - 127478. Calculate n(318).
358
Let s(o) = -32*o**2 + 929*o - 33. Determine s(28).
891
Let n(a) = a**2 - 44104*a + 88204. What is n(2)?
0
Let r(o) = 24*o + 1413. Determine r(-45).
333
Let l(t) = t**2 - 2375*t + 139068. Give l(60).
168
Let q(b) = -49*b**3 + 88*b**2 + 14*b - 18. Give q(2).
-30
Let t(v) = v**3 + 78*v**2 - 649*v - 50627. Determine t(-78).
-5
Let c(z) = -z**3 - 169*z**2 - 1280*z + 378. Calculate c(-161).
-910
Let l(d) = -2*d**2 - 816*d - 66658. Give l(-295).
12
Let w(r) = 5122*r + 2053923. Determine w(-401).
1
Let l(u) = -u**3 - 59*u**2 + 235*u + 2844. Give l(-62).
-194
Let p(k) = -k**2 + 644*k + 3214. Determine p(-5).
-31
Let p(j) = j**3 - 41*j**2 + 182*j - 1248. Determine p(37).
10
Let u(s) = -1855*s + 981287. What is u(529)?
-8
Let b(u) = u**2 + 66188*u + 1521747. What is b(-23)?
-48
Let j(k) = 3417*k - 846. What is j(0)?
-846
Let f(u) = -20*u**3 + 201*u**2 + 4359*u - 43681. What is f(10)?
9
Let j(a) = 279536*a**2 - 1118142*a - 17. Give j(4).
-9
Let f(g) = -34739*g - 659961. What is f(-19)?
80
Let q(o) = -2*o**3 + 174*o**2 - 805*o - 1242. Give q(82).
-12
Let y(o) = -o**3 - 36*o**2 - 163*o + 513. Calculate y(-30).
3
Let p(u) = -u**3 - 89*u**2 - 318*u + 1861. Calculate p(-85).
-9
Let a(x) = -x**3 - 8*x**2 - 4627*x - 18467. Calculate a(-4).
-23
Let p(f) = -4*f**2 + 2738*f + 15183. Give p(690).
3
Let d(r) = r**3 - 568*r**2 - 14250*r + 24848. Determine d(592).
-16
Let u(g) = -2138*g - 2014. Give u(-1).
124
Let g(a) = -20*a**2 + 758*a + 155. What is g(33)?
3389
Let p(b) = b**2 + 612*b - 10779. Determine p(17).
-86
Let s(h) = -5*h**2 - 1883*h + 113845. What is s(53)?
1
Let w(g) = -85*g**2 + 1658*g - 108. What is w(19)?
709
Let z(p) = -73606*p - 294425. Determine z(-4).
-1
Let x(v) = 133*v**2 - 12258*v + 2027. Give x(92).
3
Let i(r) = -159701*r + 958219. Give i(6).
13
Let x(n) = n**3 - 9*n**2 - 274*n + 1399. Calculate x(5).
-71
Let f(m) = 315*m - 11533. Calculate f(44).
2327
Let x(d) = -4*d**3 - 49*d**2 - 443*d - 6261. What is x(-13)?
5
Let k(l) = l**3 + 128*l**2 + 500*l + 491. What is k(-124)?
-5
Let r(c) = 3*c**2 - 517*c + 2613. Determine r(167).
-59
Let r(f) = 83*f**3 - 2*f**2 + 28*f - 65. Calculate r(2).
647
Let f(r) = r**2 - 355862*r - 10. Give f(0).
-10
Let d(z) = -2*z**3 + 98*z**2 - 511*z + 67. Determine d(43).
282
Let p(n) = -4605*n + 1418392. Calculate p(308).
52
Let z(n) = -2*n**2 + 43*n + 9283. Give z(80).
-77
Let i(z) = 11*z**2 + 2512*z + 27596. Calculate i(-11).
1295
Let s(g) = -35265*g + 3597032. Give s(102).
2
Let c(x) = -x**3 + 5*x**2 - 688*x + 3440. Give c(5).
0
Let z(q) = 1432*q + 11240. Calculate z(-10).
-3080
Let a(y) = -y**3 - 38*y**2 - 35*y - 3490. Calculate a(-38).
-2160
Let y(b) = -108*b**3 + 17925*b**2 + 514*b - 2661. Calculate y(166).
-5
Let h(j) = 1507*j - 293831. Calculate h(195).
34
Let c(k) = 17823*k**2 - 320829*k + 274. Determine c(18).
4
Let j(d) = 404*d + 2875. Calculate j(-6).
451
Let k(t) = t**3 + 395*t**2 + 5706*t + 3055. Calculate k(-380).
775
Let v(q) = q**3 - 117*q**2 - 3756*q + 3554. What is v(-27)?
-10
Let s(j) = 9*j**3 + 1415*j**2 + 1380*j - 34. Determine s(-1).
-8
Let z(d) = 8*d**3 - 135*d**2 - 9*d - 49. Calculate z(17).
87
Let a(l) = -l**2 + 107*l - 2039. Determine a(54).
823
Let o(i) = -21*i**2 + 529*i - 34. Determine o(25).
66
Let j(i) = -2*i**3 - 732*i**2 + 973*i + 87715. Calculate j(-367).
2
Let m(n) = -n**2 + 349958*n - 2099689. Calculate m(6).
23
Let b(m) = 2719*m**2 - 59934*m + 2557. What is b(22)?
5
Let k(v) = -21*v**3 - 147*v**2 - 5*v - 81. Determine k(-7).
-46
Let b(f) = -9*f**3 + 65*f**2 + 132*f + 12. What is b(-2)?
80
Let v(g) = -2*g**2 + 19239*g - 76931. Determine v(4).
-7
Let l(a) = 82*a**2 + 20*a - 82. Give l(3).
716
Let v(f) = -4*f**3 + 7*f**2 - 863*f - 1741. Calculate v(-2).
45
Let t(n) = -319149*n + 319155. Give t(1).
6
Let h(l) = 29*l**3 + 131*l**2 + 65*l + 360. What is h(-7)?
-3623
Let n(i) = -i**2 - 127*i - 1320. What is n(-124)?
-948
Let u(o) = 424*o - 13875. What is u(44)?
4781
Let s(y) = 244*y + 16147. Give s(-65).
287
Let k(c) = -17412*c - 4457465. Give k(-256).
7
Let p(i) = -1240549*i + 3721642. Determine p(3).
-5
Let f(x) = -193*x**3 - 1154*x**2 + 18*x - 35. Give f(-6).
1
Let w(o) = -2*o**3 - 714*o**2 + 2167*o + 2519. Calculate w(-360).
-1
Let x(y) = -19022*y - 94323. What is x(-5)?
787
Let j(i) = -i**2 - 341*i - 29084. Determine j(-172).
-16
Let a(b) = 2124258*b + 4248522. Give a(-2).
6
Let v(g) = 3*g**2 + 45819*g + 24. Calculate v(0).
24
Let o(a) = -44*a - 2982. What is o(-48)?
-870
Let k(p) = -38*p**2 + 1113*p - 345. Give k(29).
-26
Let i(j) = 312*j + 175361. What is i(-562)?
17
Let r(p) = 1948*p + 537648. Calculate r(-276).
0
Let u(b) = -14*b**3 + 69*b**2 + 7150*b - 35726. Determine u(5).
-1
Let j(i) = 22*i**3 - 198*i**2 - 501*i + 4503. Give j(9).
-6
Let h(d) = -2*d**3 - 13*d**2 + 204*d + 1639. Calculate h(-8).
199
Let b(w) = -6936*w + 818459. Determine b(118).
11
Let h(f) = 2347*f - 23393. Calculate h(10).
77
Let k(v) = -1513*v + 55978. Calculate k(37).
-3
Let o(v) = 934*v - 74773. Calculate o(80).
-53
Let j(r) = 1762*r - 21261. Determine j(12).
-117
Let y(l) = -l**2 + 141*l - 3919. Give y(51).
671
Let u(n) = 9*n + 1194. Determine u(-62).
636
Let n(c) = -47938*c**3 - 767008*c**2 + 2*c + 27. Calculate n(-16).
-5
Let q(n) = n**2 + 273*n - 16891. Calculate q(52).
9
Let t(x) = 2*x**2 - 53*x - 1190. Give t(-20).
670
Let u(g) = 28*g**2 - 2185*g - 33139. Give u(-13).
-2
Let g(z) = -13*z**3 + 37*z**2 - 74*z - 19. What is g(3)?
-259
Let n(r) = 2*r**3 + 31*r**2 + 464*r + 2431. Give n(-7).
16
Let y(n) = -31848*n - 191052. Determine y(-6).
36
Let r(x) = x**2 - 211584*x + 1904185. Calculate r(9).
10
Let l(n) = -n**3 + 4*n**2 + 433*n - 867. What is l(2)?
7
Let j(m) = -65*m + 876. Calculate j(13).
31
Let n(o) = -o**3 + 215*o**2 + 28242*o + 581. Calculate n(307).
-33
Let l(j) = j**2 + 2487*j + 44439. What is l(-18)?
-3
Let a(l) = -l**3 + 22*l**2 - 584*l + 17883. Calculate a(26).
-5
Let i(c) = 3*c**3 + 4*c**2 - 57*c + 467. What is i(-7)?
33
Let m(d) = -d**3 + 171*d**2 - 316*d - 3706. Determine m(169).
12
Let h(q) = -q**3 - 638*q**2 + 2788*q + 141240. Determine h(-642).
0
Let w(k) = -818*k - 33604. Give w(-41).
-66
Let b(h) = -1020472*h + 5102305. Calculate b(5).
-55
Let v(z) = -z**3 + 382*z**2 - 3671*z - 18241. Give v(372).
-13
Let f(i) = -2*i**3 - 218*i**2 - 831*i + 903. Calculate f(-105).
-42
Let p(m) = m**3 + 4*m**2 - 75*m - 246. What is p(-6)?
132
Let m(w) = 2*w**2 + 243*w - 14366. Calculate m(-165).
-11
Let q(k) = 15699*k - 565088. Give q(36).
76
Let d(f) = -f**2 + 141*f + 10926. What is d(-56)?
-106
Let p(q) = -15*q**2 + 2016*q + 1219. Give p(135).
4
Let b(j) = -255594*j - 32. Calculate b(0).
-32
Let d(a) = -a**2 - 1045*a + 3438376. Calculate d(1404).
-20
Let z(r) = -r**2 - 515*r - 23276. Calculate z(-465).
-26
Let h(v) = 510*v - 185171. Calculate h(363).
-41
Let p(i) = i**2 + 84*i - 35442. Determine p(-234).
-342
Let x(a) = 893*a**2 - 154478*a - 1874. Determine x(173).
29
Let k(a) = -a**3 + 36*a**2 - 32*a - 1267. Calculate k(34).
-43
Let c(z) = -z**3 - 26*z**2 - 36*z - 508. What is c(-26)?
428
Let y(q) = -q**3 + 63*q**2 - 434*q - 193. Calculate y(55).
137
Let h(i) = i**3 + 30*i**2 + 100*i + 1090. What is h(-28)?
-142
Let w(x) = -x**3 + 188*x**2 - 1094*x + 431. Determine w(182).
67
Let v(l) = 892*l + 1496. Determine v(-4).
-2072
Let h(y) = -67*y**2 - 17033*y - 3816. Determine h(-254).
-6
Let y(r) = -r**3 + 8*r**2 + 44*r + 290. Calculate y(-9).
1271
Let w(p) = -2*p**3 + 64*p**2 + 401*p - 8. Give w(-5).
-163
Let d(o) = 2*o**3 - 111*o**2 - 397*o - 1032. Give d(59).
-88
Let n(v) = -2*v**3 + 45*v**2 + 1683*v - 53. What is n(-20)?
287
Let d(z) = 31*z**2 + 2056*z - 1432. Calculate d(-67).
-25
Let x(h) = -6235*h + 186769. Wha